or of 67486 and 109429?
41
Calculate the highest common divisor of 174 and 1393206.
6
What is the highest common factor of 1305 and 1366065?
45
Calculate the greatest common factor of 36 and 2574048.
12
What is the greatest common factor of 250 and 59082625?
125
Calculate the highest common divisor of 9506 and 995026.
194
What is the greatest common divisor of 561555 and 90?
45
What is the greatest common factor of 6 and 225021?
3
Calculate the highest common factor of 9 and 11048202.
9
What is the highest common divisor of 7869 and 2678083?
2623
What is the highest common factor of 2494225 and 122189?
1121
Calculate the highest common divisor of 53960 and 82880.
40
Calculate the greatest common divisor of 26157118 and 5644.
2822
What is the highest common factor of 517405428 and 69636?
9948
What is the highest common factor of 12451393 and 4626?
257
Calculate the highest common factor of 85 and 58489843.
17
Calculate the highest common divisor of 29775162 and 42.
6
Calculate the greatest common factor of 78840 and 706002345.
9855
What is the highest common divisor of 1480 and 15821903?
37
What is the greatest common divisor of 606 and 8347246?
202
What is the highest common divisor of 1388517 and 325?
13
What is the greatest common divisor of 721608 and 38216?
2248
Calculate the highest common divisor of 346805 and 13473.
499
What is the greatest common divisor of 1698 and 56925450?
1698
Calculate the greatest common factor of 350 and 2792850.
50
What is the greatest common factor of 51402 and 985374?
78
What is the greatest common factor of 12425 and 2946500?
1775
What is the highest common divisor of 1247529 and 621?
3
What is the highest common factor of 79725168 and 64?
16
Calculate the highest common factor of 18694035 and 9675.
1935
What is the greatest common factor of 10251 and 24948?
9
Calculate the highest common divisor of 14649 and 379487.
19
What is the greatest common factor of 689 and 7473739?
13
What is the highest common divisor of 9414 and 366282?
18
What is the greatest common factor of 275 and 276695?
5
Calculate the greatest common divisor of 153995212 and 1162.
1162
Calculate the highest common divisor of 50 and 321205.
5
Calculate the highest common divisor of 710241 and 98952.
651
What is the greatest common divisor of 20718 and 5994?
18
Calculate the greatest common factor of 8880 and 133622400.
240
Calculate the highest common divisor of 112 and 570835552.
112
What is the greatest common divisor of 15798 and 119040563?
2633
What is the highest common divisor of 16379995 and 285?
95
Calculate the greatest common divisor of 7709 and 14573.
13
Calculate the greatest common factor of 12237351 and 63.
21
Calculate the highest common factor of 3616080 and 26169.
2379
Calculate the greatest common divisor of 1305745 and 140.
35
Calculate the highest common divisor of 61852 and 983052.
1316
Calculate the greatest common factor of 72 and 208961232.
24
Calculate the greatest common divisor of 64784 and 583920.
16
What is the highest common divisor of 11060850 and 3800?
950
Calculate the greatest common factor of 18286 and 10747166.
82
Calculate the highest common factor of 4500747 and 1251.
9
What is the highest common factor of 5236820 and 2030?
290
Calculate the highest common divisor of 152 and 614682623.
19
What is the greatest common factor of 5392 and 24502596?
1348
What is the greatest common factor of 4764838 and 208?
26
What is the highest common divisor of 5660304 and 26?
26
Calculate the greatest common factor of 14021787 and 289.
17
What is the highest common divisor of 158823 and 448?
7
Calculate the highest common factor of 22236 and 138108.
204
What is the highest common divisor of 391699 and 5663?
7
Calculate the greatest common factor of 68558 and 728.
14
Calculate the greatest common factor of 436724709 and 114.
57
What is the greatest common divisor of 5198076 and 351?
117
What is the greatest common divisor of 13 and 6273007?
13
Calculate the greatest common divisor of 347072 and 548042.
638
Calculate the greatest common divisor of 29469 and 23278959.
1551
What is the greatest common divisor of 987 and 253820868?
987
Calculate the greatest common factor of 1871756 and 296.
148
What is the highest common divisor of 12947895 and 465?
15
What is the greatest common divisor of 237125415 and 5970?
2985
What is the greatest common factor of 2764070 and 611?
47
Calculate the highest common factor of 50029197 and 423.
141
Calculate the highest common factor of 22480300 and 23575.
1025
Calculate the greatest common factor of 19 and 2715841.
19
Calculate the greatest common divisor of 401572593 and 81.
27
What is the highest common divisor of 408814 and 42?
14
What is the highest common factor of 11371 and 5638937?
83
What is the greatest common divisor of 98901683 and 197?
197
What is the greatest common divisor of 96 and 319292?
4
What is the greatest common divisor of 67 and 2223127?
67
What is the greatest common factor of 451 and 51052052?
41
Calculate the highest common divisor of 6840 and 119073.
57
Calculate the greatest common factor of 35403140 and 30.
10
Calculate the highest common factor of 12593 and 399127939.
1799
What is the highest common factor of 128329775 and 245?
245
What is the highest common factor of 801 and 1385997?
267
Calculate the highest common divisor of 823865 and 6965.
35
What is the greatest common divisor of 63804 and 13092?
12
What is the highest common factor of 53423264 and 40?
8
What is the highest common factor of 104967 and 965958?
327
Calculate the highest common factor of 8151 and 2698209.
57
Calculate the greatest common factor of 1544645 and 45.
5
Calculate the highest common factor of 3058 and 104698.
22
What is the highest common factor of 1763328 and 95424?
1344
Calculate the greatest common divisor of 37027 and 338099.
607
Calculate the highest common divisor of 266302580 and 1695.
565
What is the greatest common factor of 73372 and 1176604?
884
What is the highest common divisor of 823056 and 31629?
39
Calculate the highest common divisor of 65685 and 416266.
29
What is the greatest common divisor of 5357 and 550143?
11
Calculate the greatest common factor of 26 and 1900963766.
26
What is the highest common divisor of 61825 and 618398380?
12365
What is the highest common divisor of 531449 and 285437?
1577
Calculate the greatest common divisor of 2822392 and 4544.
568
What is the highest common factor of 31 and 10732696?
31
What is the highest common factor of 9988 and 34903?
11
Calculate the highest common factor of 2398 and 811250.
22
Calculate the greatest common factor of 38359814 and 49082.
4462
What is the highest common factor of 35529 and 1120288585?
11843
What is the greatest common factor of 18565 and 31593917?
3713
Calculate the highest common divisor of 3414930 and 134568.
534
What is the highest common factor of 21901 and 110247643?
1991
What is the highest common divisor of 315676 and 100?
4
What is the greatest common factor of 154 and 9084229?
77
Calculate the greatest common factor of 21334118 and 32929.
1937
What is the highest common factor of 41756 and 3975653?
803
Calculate the highest common factor of 248 and 254417.
31
What is the greatest common factor of 3621 and 480369?
51
What is the highest common factor of 141873 and 118047?
1083
What is the greatest common divisor of 319 and 345303?
29
What is the highest common divisor of 170954 and 12?
2
What is the highest common factor of 4904774 and 52934?
266
What is the greatest common factor of 305028769 and 478?
239
What is the highest common divisor of 105565112 and 103?
103
Calculate the highest common divisor of 313538 and 142006.
1406
What is the highest common divisor of 420083979 and 141?
141
What is the greatest common factor of 12878185 and 22910?
395
What is the greatest common factor of 2887568 and 16?
16
Calculate the greatest common divisor of 34004069 and 22.
11
Calculate the highest common divisor of 15912 and 18184764.
2652
What is the highest common divisor of 30368228 and 451?
11
What is the highest common divisor of 1106196686 and 14?
14
What is the highest common factor of 21346250 and 30?
10
What is the greatest common factor of 1155055665 and 45?
15
What is the greatest co